pose o + 3901 = 5*i, 2*i - 5*o = 128 + s. Is i a prime number?
False
Let h = 3822 - 2396. Let u = h - 507. Is u a composite number?
False
Let w(f) = -2*f - 2. Let a be w(9). Let q be (-5)/(44/a - -2). Is 183/5 - (-10)/q prime?
True
Is 1987 + (-2)/(-4)*-4 composite?
True
Suppose -3*w - 3*h - 36 = 0, 3*w + 4*h - 57 = 6*w. Let t be (-9 - w)/(2/3). Let j(s) = -s**2 + 17*s - 13. Is j(t) a prime number?
True
Suppose 5*p - p + 3002 = q, -4*p = -4*q + 11960. Suppose 10*z = 7716 - q. Is z composite?
True
Let u(z) = 6*z**3 + 5*z**2 - 6*z + 3. Let b be (-20)/(-90) - (-68)/18. Is u(b) a composite number?
False
Let h(d) = -11*d - 18 - 11*d + 19*d. Let c be h(-8). Is c/21 - 16825/(-35) a prime number?
False
Let m(d) = -2*d**2 + 11. Let p be m(5). Let k be (p/12 + 1)*-28. Let q = k - 8. Is q a prime number?
False
Suppose x - 290 = -z, -15 + 592 = 2*x + 3*z. Is x composite?
False
Let q(p) = -1588*p - 191. Is q(-30) a composite number?
True
Let t = 22 - 20. Let p be 8478/45*5/t. Suppose 5*m + p = 8*m. Is m a prime number?
True
Let a = -413 - -628. Is a - -3 - (5 + -1) a prime number?
False
Let i(p) = -11*p - 1. Let o be i(-5). Is 11405/6 - (-9)/o a prime number?
True
Suppose -110027 = -4*q + 3*v, -v + 3*v = -q + 27515. Is q composite?
False
Let b(n) = n**3 - 9*n**2 - 4*n + 31. Is b(16) a composite number?
False
Suppose 7*v = -32*v + 15951. Is v a prime number?
True
Is (-1 + 3)/((-95730)/(-11965) + -8) a composite number?
False
Let y be (-38)/(1*1/16). Let m = y - -875. Suppose 4*r - m - 41 = 0. Is r a prime number?
False
Suppose 2*r - 6*r = f + 10, -5*r = 5. Let m(q) = q + 8. Let l be m(f). Suppose l*n - 295 = -3*n. Is n composite?
False
Let h = 214771 - 101804. Is h a prime number?
True
Is (-459060)/(-20) + 12 + -2 composite?
False
Let a(s) = 458*s + 111. Let y(t) = 688*t + 167. Let g(d) = 8*a(d) - 5*y(d). Is g(6) a composite number?
True
Suppose -972080 = 2*r - 82*r. Is r a composite number?
True
Let g = 341 - 338. Let n be (0 - 583)/((-3)/3). Suppose 0 = -2*y + g*y - n. Is y a prime number?
False
Suppose 2*n - 5*y = n - 18, 72 = -2*n + y. Let u be 327/(-6)*n + -1. Let j = u + -1157. Is j a prime number?
False
Suppose -v - 3*m + 1903 = 2*m, -5*v + 4*m + 9515 = 0. Is v prime?
False
Suppose 2*b - 2 = 2. Suppose 5 - 3 = b*m. Is (-123 + m)/(6/(-9)) a composite number?
True
Let a be (-1)/5 + (-16)/(-5). Suppose 185 = 4*f - a*f. Suppose -9*b = -4*b - f. Is b composite?
False
Let p(x) = x**3 - 7*x**2 + 8*x - 7. Let t be p(6). Suppose 2*c = 4*r + 1300, -3236 = 2*c - 7*c + 3*r. Suppose t*w - c - 439 = 0. Is w a prime number?
False
Is ((-107593)/34)/(3/(-6)) a composite number?
False
Is 18/(-3) - 2 - -1237 a composite number?
False
Suppose -4*x = l + 4875 - 21172, 0 = -4*l + 20. Is x a composite number?
False
Is (855 + 4)*(18 - 17) a prime number?
True
Let k be (570/4)/((-15)/(-20)). Let b = 237 + k. Is b a composite number?
True
Let a(q) = 2400*q - 169. Is a(8) prime?
True
Let r = -18 + 21. Suppose 0 = -b + 2*t + r*t - 92, -4*b + 5*t = 398. Is 2/(-12) - 25925/b a composite number?
True
Let o be -1 - ((-65)/55 + (-2)/(-11)). Suppose 3*k = -0*k + 5*p + 1706, -2*k + 5*p + 1144 = o. Is k a prime number?
False
Let y(c) = -3*c**3 + c**2 + c. Let w be y(-1). Suppose 4*z = w*z + 69. Suppose -k = -0*k - z. Is k composite?
True
Suppose -3*x = -7*x + 6096. Suppose -4*j + j + x = 0. Suppose 0*o = -4*o + j. Is o prime?
True
Is 4/(-2)*(-2510)/20 a prime number?
True
Is (-2 + (-450)/12)*-58 prime?
False
Let m(h) = -4*h**2 - 4*h - 22. Let r(z) = z**2 + z + 7. Let c(n) = -6*m(n) - 17*r(n). Is c(-4) prime?
True
Suppose -b - 4*w + 14231 = 0, 4*b - 58536 + 1567 = -w. Is b a composite number?
False
Let g = -15 + 18. Suppose -4*t = -5*q - g*t + 1700, -10 = -2*t. Let m = -88 + q. Is m prime?
False
Suppose -4*n + 0 = -8. Suppose -n*s + 0*s - 1170 = -4*v, -3*v = -4*s - 885. Suppose -b = 4*q + 34 - v, -5*q = 4*b - 313. Is q composite?
True
Let p = 0 + 14. Suppose -p*d + 19*d = 4385. Is d prime?
True
Let p be (-19235)/(-15) - 1/3. Suppose p = 3*i - 1079. Is i a prime number?
True
Suppose -30*o + 34*o - 10988 = 0. Is o prime?
False
Let m(g) = 2*g**2 + 384. Let y be m(0). Suppose -3*f = -u - 2*u + y, 4*u - 3*f = 515. Is u prime?
True
Is ((-2)/(-2))/((-24)/(-165576)) a prime number?
True
Let u(i) = i + 9. Let b be u(6). Let n = b + -11. Suppose 1265 = n*l + l. Is l prime?
False
Let a(c) = 6*c - 3*c - 8*c**2 + 2 - c**3 - 5*c**2. Is a(-15) a prime number?
False
Let k = 170 - 270. Let h = k + 393. Is h prime?
True
Suppose 6*r - 2*r = -3*z + 12968, -2*r - 2*z = -6486. Is r a prime number?
False
Let n = 689 + -978. Let x = 450 + n. Is x composite?
True
Suppose 3*w = -m - 9, 3*w - 6 = -18. Suppose -415 = -x + 4*n, 2*x - 2059 = -m*x + 4*n. Is x prime?
False
Suppose -5*m + 2*y + 1093 = -2*m, -2*y + 2 = 0. Is m prime?
False
Suppose -22184 = -4*s - 5476. Let t = s + -2420. Is t a prime number?
False
Suppose 2*k - 5*x + 7 = 0, -k = 4*k + 5*x + 35. Is (-4)/k - (902/(-6) - -2) composite?
False
Let x = -47 - -25. Let b = -339 + 444. Let r = b - x. Is r a composite number?
False
Suppose 7*i - i - 1326 = 0. Let r = 742 - i. Is r composite?
False
Suppose 13*r - 17*r + 24 = 0. Is -145*((-18)/5)/r a prime number?
False
Let x be 36/9*(-272)/(-2). Let s = x + -246. Is s prime?
False
Suppose 0 = -42*p + 47*p - 46975. Is p a composite number?
True
Suppose 0 = -11*b + 178094 + 37715. Is b prime?
False
Suppose -15 = -5*b - 5*h, -h = 4*h + 5. Suppose -b*y + 6820 - 1672 = 0. Suppose 0 = -2*k + 3*j + 517, -y = 6*k - 11*k + 2*j. Is k prime?
True
Let q(y) = 7*y**2 + 13*y + 3. Let j(g) = 4*g**2 + 7*g + 1. Let r(m) = -5*j(m) + 3*q(m). Let w be r(-4). Suppose 8 = -2*u, -3*v + 158 = -0*v + w*u. Is v prime?
False
Let n = 6381 - 458. Is n a composite number?
False
Suppose -5*a = -a - 700. Let u = 124 - a. Is 5/(15/6) - u a composite number?
False
Let r(o) = 7*o - 3. Let g be r(1). Let l(z) = 416*z + 5. Is l(g) a composite number?
False
Let k = 2 + 1. Suppose k*s = 8*s - 20. Suppose s*i + 3*a - 720 = 200, -5*a = 20. Is i prime?
True
Let y = 3671 - 1023. Let o = y + -488. Suppose -5*r - g = -2707, 4*r + g - o = 3*g. Is r a prime number?
True
Let w(d) = -d**3 - d**2 - d. Let n(h) = 3*h**3 + 10*h**2 - 2*h - 8. Let a(b) = n(b) + 2*w(b). Let c(k) = -k. Let q be c(7). Is a(q) a composite number?
True
Suppose -5*y - 3*a = 892, -3*y + 7*y + 718 = 2*a. Let z = 408 + y. Let n = z - -30. Is n a composite number?
True
Suppose -2*t - 6 = -34. Suppose t*z = 9*z. Suppose z = 5*s + 4*c - 2237, s + 2*c = c + 447. Is s a composite number?
False
Let w(v) = -434*v - 1. Let i be (-4 - (-9 - 1)) + -4. Let s be w(i). Is (-15 - -14)*(s - 0) a prime number?
False
Suppose 3*a + y - 46 = 7*a, -50 = 5*a - 5*y. Let f be (-8)/a*(2 + -20). Is 3632/14 - f/(-28) a prime number?
False
Suppose -172 = -g - 4*x + 164, 4*x = 2*g - 636. Suppose -44 = o - 219. Let v = o + g. Is v a prime number?
True
Let b(j) = 6638*j**3 - j**2 + 2*j - 2. Is b(1) a composite number?
False
Let l = 15 + -13. Suppose 6*k - 7*k + l = 0. Suppose k*o = -o + 3513. Is o a composite number?
False
Let y = -1937 - -2900. Let d(f) = f**3 + 13*f**2 + 22*f + 3. Let i be d(-11). Suppose -4*h - l + 830 = -y, 5*h - i*l - 2254 = 0. Is h composite?
False
Let q be 16/20*5/1. Suppose d = -q*d + 780. Is (d/15)/((-6)/(-15)) prime?
False
Let m = 118 + -124. Is (-6711)/m*1/((-1)/(-2)) composite?
False
Is 1 - 3 - -26151 - 0 a composite number?
True
Let v be 303 + -1 - (1 - 3). Suppose -167 - v = -3*d. Is d prime?
True
Let h(s) = -s**2 + 2*s + 2. Let k be h(2). Is k/4 + ((-1226)/(-4) - 0) prime?
True
Let u(t) = 5*t**3 + 3. Suppose 2*h - 9 = 2*r - 5*r, -r + 3*h = -14. Let x be u(r). Suppose x = 5*k - k. Is k a prime number?
True
Let i = 25 + -46. Let h = i - -10. Let r(n) = n**2 + 9*n - 1. Is r(h) a prime number?
False
Let q be (-7 + 5)*-74*(-93)/(-12). Suppose 4*z - q = 4233. Is z composite?
True
Let w(k) = -k**2 + 6*k + 1. Let n be w(6). Let y be (-2)/(-1)*2/(-4). Is (y - (-132)/3)/n a composite number?
False
Let p = -19 - -23. Suppose -4*j = -p*n - 232, 0*n = 5*j + 2*n - 269. Is j composite?
True
Suppose 0 = -4*z + 4*a + 22932, 5*z - 19157 = 4*a + 9512. Is z a prime number?
True
Let s = 1759 - 846. Is s prime?
False
Let g(r) = -2*r**3 - 7*r**2 - 6*r - 2. Let n be g(-5). Suppose 3*b + 224 = t, -5*t + 1644 = 4